{"id":593,"date":"2025-11-18T19:01:19","date_gmt":"2025-11-18T19:01:19","guid":{"rendered":"https:\/\/galduriadrums.com\/?post_type=product&#038;p=593"},"modified":"2026-02-11T14:04:07","modified_gmt":"2026-02-11T14:04:07","slug":"andromeda-kick-coated-20","status":"publish","type":"product","link":"https:\/\/galduriadrums.com\/?product=andromeda-kick-coated-20","title":{"rendered":"Andromeda Kick Coated 20&#8243;"},"content":{"rendered":"<p>ANDROMEDA es nuestra serie m\u00e1s vers\u00e1til, con una sola capa de 10 mil\u00e9simas de pulgada de grosor. Ofrece un tono c\u00e1lido y abierto, realzando el sonido aut\u00e9ntico del casco. Gracias a su excelente rango de afinaci\u00f3n y versatilidad, permite obtener una amplia gama de tonos, desde graves profundos hasta brillantes. El parche de bombo ANDROMEDA est\u00e1 disponible con acabado arenado (coated).<\/p>\n","protected":false},"excerpt":{"rendered":"<p>ANDROMEDA es nuestra serie m\u00e1s vers\u00e1til, con una sola capa de 10 mil\u00e9simas de pulgada de grosor. Ofrece un tono c\u00e1lido y abierto, realzando el sonido aut\u00e9ntico del casco. Gracias a su excelente rango de afinaci\u00f3n y versatilidad, permite obtener una amplia gama de tonos, desde graves profundos hasta brillantes. El parche de bombo ANDROMEDA [&hellip;]<\/p>\n","protected":false},"featured_media":208,"comment_status":"open","ping_status":"closed","template":"","meta":{"jetpack_publicize_message":"","jetpack_publicize_feature_enabled":true,"jetpack_social_post_already_shared":true,"jetpack_social_options":{"image_generator_settings":{"template":"highway","default_image_id":0,"font":"","enabled":false},"version":2}},"product_brand":[94],"product_cat":[37,138],"product_tag":[64,62,61],"class_list":{"0":"post-593","1":"product","2":"type-product","3":"status-publish","4":"has-post-thumbnail","6":"product_brand-blue-drum-heads","7":"product_cat-andromeda-kick-coated","8":"product_cat-bombo-kick","9":"product_tag-andromeda-kick-coated","10":"product_tag-blue-drum","11":"product_tag-parche","12":"pa_cantidad-de-capas-1-ply-10-mil","13":"pa_series-de-parches-andromeda-kick-coated","14":"pa_tamano-parches-20-inch","15":"pa_tipos-parches-kick","17":"first","18":"instock","19":"taxable","20":"shipping-taxable","21":"purchasable","22":"product-type-simple"},"yoast_head":"<!-- This site is optimized with the Yoast SEO plugin v27.5 - https:\/\/yoast.com\/product\/yoast-seo-wordpress\/ -->\n<title>Andromeda Kick Coated 20&quot; - Galduria Drums<\/title>\n<meta name=\"robots\" content=\"index, follow, max-snippet:-1, max-image-preview:large, max-video-preview:-1\" \/>\n<link rel=\"canonical\" href=\"https:\/\/galduriadrums.com\/?product=andromeda-kick-coated-20\" \/>\n<meta property=\"og:locale\" content=\"es_ES\" \/>\n<meta property=\"og:type\" content=\"article\" \/>\n<meta property=\"og:title\" content=\"Andromeda Kick Coated 20&quot; - Galduria Drums\" \/>\n<meta property=\"og:description\" content=\"ANDROMEDA es nuestra serie m\u00e1s vers\u00e1til, con una sola capa de 10 mil\u00e9simas de pulgada de grosor. Ofrece un tono c\u00e1lido y abierto, realzando el sonido aut\u00e9ntico del casco. Gracias a su excelente rango de afinaci\u00f3n y versatilidad, permite obtener una amplia gama de tonos, desde graves profundos hasta brillantes. El parche de bombo ANDROMEDA [&hellip;]\" \/>\n<meta property=\"og:url\" content=\"https:\/\/galduriadrums.com\/?product=andromeda-kick-coated-20\" \/>\n<meta property=\"og:site_name\" content=\"Galduria Drums\" \/>\n<meta property=\"article:modified_time\" content=\"2026-02-11T14:04:07+00:00\" \/>\n<meta property=\"og:image\" content=\"https:\/\/galduriadrums.com\/wp-content\/uploads\/2025\/11\/ANDROMEDAKICK-COATED.webp\" \/>\n\t<meta property=\"og:image:width\" content=\"1920\" \/>\n\t<meta property=\"og:image:height\" content=\"1899\" \/>\n\t<meta property=\"og:image:type\" content=\"image\/webp\" \/>\n<meta name=\"twitter:card\" content=\"summary_large_image\" \/>\n<meta name=\"twitter:label1\" content=\"Tiempo de lectura\" \/>\n\t<meta name=\"twitter:data1\" content=\"1 minuto\" \/>\n<script type=\"application\/ld+json\" class=\"yoast-schema-graph\">{\"@context\":\"https:\\\/\\\/schema.org\",\"@graph\":[{\"@type\":\"WebPage\",\"@id\":\"https:\\\/\\\/galduriadrums.com\\\/?product=andromeda-kick-coated-20\",\"url\":\"https:\\\/\\\/galduriadrums.com\\\/?product=andromeda-kick-coated-20\",\"name\":\"Andromeda Kick Coated 20\\\" - Galduria Drums\",\"isPartOf\":{\"@id\":\"https:\\\/\\\/galduriadrums.com\\\/#website\"},\"primaryImageOfPage\":{\"@id\":\"https:\\\/\\\/galduriadrums.com\\\/?product=andromeda-kick-coated-20#primaryimage\"},\"image\":{\"@id\":\"https:\\\/\\\/galduriadrums.com\\\/?product=andromeda-kick-coated-20#primaryimage\"},\"thumbnailUrl\":\"https:\\\/\\\/galduriadrums.com\\\/wp-content\\\/uploads\\\/2025\\\/11\\\/ANDROMEDAKICK-COATED.webp\",\"datePublished\":\"2025-11-18T19:01:19+00:00\",\"dateModified\":\"2026-02-11T14:04:07+00:00\",\"breadcrumb\":{\"@id\":\"https:\\\/\\\/galduriadrums.com\\\/?product=andromeda-kick-coated-20#breadcrumb\"},\"inLanguage\":\"es\",\"potentialAction\":[{\"@type\":\"ReadAction\",\"target\":[\"https:\\\/\\\/galduriadrums.com\\\/?product=andromeda-kick-coated-20\"]}]},{\"@type\":\"ImageObject\",\"inLanguage\":\"es\",\"@id\":\"https:\\\/\\\/galduriadrums.com\\\/?product=andromeda-kick-coated-20#primaryimage\",\"url\":\"https:\\\/\\\/galduriadrums.com\\\/wp-content\\\/uploads\\\/2025\\\/11\\\/ANDROMEDAKICK-COATED.webp\",\"contentUrl\":\"https:\\\/\\\/galduriadrums.com\\\/wp-content\\\/uploads\\\/2025\\\/11\\\/ANDROMEDAKICK-COATED.webp\",\"width\":1920,\"height\":1899},{\"@type\":\"BreadcrumbList\",\"@id\":\"https:\\\/\\\/galduriadrums.com\\\/?product=andromeda-kick-coated-20#breadcrumb\",\"itemListElement\":[{\"@type\":\"ListItem\",\"position\":1,\"name\":\"Portada\",\"item\":\"https:\\\/\\\/galduriadrums.com\\\/\"},{\"@type\":\"ListItem\",\"position\":2,\"name\":\"Tienda\",\"item\":\"https:\\\/\\\/galduriadrums.com\\\/?page_id=6\"},{\"@type\":\"ListItem\",\"position\":3,\"name\":\"Andromeda Kick Coated 20&#8243;\"}]},{\"@type\":\"WebSite\",\"@id\":\"https:\\\/\\\/galduriadrums.com\\\/#website\",\"url\":\"https:\\\/\\\/galduriadrums.com\\\/\",\"name\":\"Galduria Drums\",\"description\":\"\",\"potentialAction\":[{\"@type\":\"SearchAction\",\"target\":{\"@type\":\"EntryPoint\",\"urlTemplate\":\"https:\\\/\\\/galduriadrums.com\\\/?s={search_term_string}\"},\"query-input\":{\"@type\":\"PropertyValueSpecification\",\"valueRequired\":true,\"valueName\":\"search_term_string\"}}],\"inLanguage\":\"es\"}]}<\/script>\n<!-- \/ Yoast SEO plugin. -->","yoast_head_json":{"title":"Andromeda Kick Coated 20\" - Galduria Drums","robots":{"index":"index","follow":"follow","max-snippet":"max-snippet:-1","max-image-preview":"max-image-preview:large","max-video-preview":"max-video-preview:-1"},"canonical":"https:\/\/galduriadrums.com\/?product=andromeda-kick-coated-20","og_locale":"es_ES","og_type":"article","og_title":"Andromeda Kick Coated 20\" - Galduria Drums","og_description":"ANDROMEDA es nuestra serie m\u00e1s vers\u00e1til, con una sola capa de 10 mil\u00e9simas de pulgada de grosor. Ofrece un tono c\u00e1lido y abierto, realzando el sonido aut\u00e9ntico del casco. Gracias a su excelente rango de afinaci\u00f3n y versatilidad, permite obtener una amplia gama de tonos, desde graves profundos hasta brillantes. El parche de bombo ANDROMEDA [&hellip;]","og_url":"https:\/\/galduriadrums.com\/?product=andromeda-kick-coated-20","og_site_name":"Galduria Drums","article_modified_time":"2026-02-11T14:04:07+00:00","og_image":[{"width":1920,"height":1899,"url":"https:\/\/galduriadrums.com\/wp-content\/uploads\/2025\/11\/ANDROMEDAKICK-COATED.webp","type":"image\/webp"}],"twitter_card":"summary_large_image","twitter_misc":{"Tiempo de lectura":"1 minuto"},"schema":{"@context":"https:\/\/schema.org","@graph":[{"@type":"WebPage","@id":"https:\/\/galduriadrums.com\/?product=andromeda-kick-coated-20","url":"https:\/\/galduriadrums.com\/?product=andromeda-kick-coated-20","name":"Andromeda Kick Coated 20\" - Galduria Drums","isPartOf":{"@id":"https:\/\/galduriadrums.com\/#website"},"primaryImageOfPage":{"@id":"https:\/\/galduriadrums.com\/?product=andromeda-kick-coated-20#primaryimage"},"image":{"@id":"https:\/\/galduriadrums.com\/?product=andromeda-kick-coated-20#primaryimage"},"thumbnailUrl":"https:\/\/galduriadrums.com\/wp-content\/uploads\/2025\/11\/ANDROMEDAKICK-COATED.webp","datePublished":"2025-11-18T19:01:19+00:00","dateModified":"2026-02-11T14:04:07+00:00","breadcrumb":{"@id":"https:\/\/galduriadrums.com\/?product=andromeda-kick-coated-20#breadcrumb"},"inLanguage":"es","potentialAction":[{"@type":"ReadAction","target":["https:\/\/galduriadrums.com\/?product=andromeda-kick-coated-20"]}]},{"@type":"ImageObject","inLanguage":"es","@id":"https:\/\/galduriadrums.com\/?product=andromeda-kick-coated-20#primaryimage","url":"https:\/\/galduriadrums.com\/wp-content\/uploads\/2025\/11\/ANDROMEDAKICK-COATED.webp","contentUrl":"https:\/\/galduriadrums.com\/wp-content\/uploads\/2025\/11\/ANDROMEDAKICK-COATED.webp","width":1920,"height":1899},{"@type":"BreadcrumbList","@id":"https:\/\/galduriadrums.com\/?product=andromeda-kick-coated-20#breadcrumb","itemListElement":[{"@type":"ListItem","position":1,"name":"Portada","item":"https:\/\/galduriadrums.com\/"},{"@type":"ListItem","position":2,"name":"Tienda","item":"https:\/\/galduriadrums.com\/?page_id=6"},{"@type":"ListItem","position":3,"name":"Andromeda Kick Coated 20&#8243;"}]},{"@type":"WebSite","@id":"https:\/\/galduriadrums.com\/#website","url":"https:\/\/galduriadrums.com\/","name":"Galduria Drums","description":"","potentialAction":[{"@type":"SearchAction","target":{"@type":"EntryPoint","urlTemplate":"https:\/\/galduriadrums.com\/?s={search_term_string}"},"query-input":{"@type":"PropertyValueSpecification","valueRequired":true,"valueName":"search_term_string"}}],"inLanguage":"es"}]}},"jetpack_publicize_connections":[],"jetpack_sharing_enabled":true,"_links":{"self":[{"href":"https:\/\/galduriadrums.com\/index.php?rest_route=\/wp\/v2\/product\/593","targetHints":{"allow":["GET"]}}],"collection":[{"href":"https:\/\/galduriadrums.com\/index.php?rest_route=\/wp\/v2\/product"}],"about":[{"href":"https:\/\/galduriadrums.com\/index.php?rest_route=\/wp\/v2\/types\/product"}],"replies":[{"embeddable":true,"href":"https:\/\/galduriadrums.com\/index.php?rest_route=%2Fwp%2Fv2%2Fcomments&post=593"}],"wp:featuredmedia":[{"embeddable":true,"href":"https:\/\/galduriadrums.com\/index.php?rest_route=\/wp\/v2\/media\/208"}],"wp:attachment":[{"href":"https:\/\/galduriadrums.com\/index.php?rest_route=%2Fwp%2Fv2%2Fmedia&parent=593"}],"wp:term":[{"taxonomy":"product_brand","embeddable":true,"href":"https:\/\/galduriadrums.com\/index.php?rest_route=%2Fwp%2Fv2%2Fproduct_brand&post=593"},{"taxonomy":"product_cat","embeddable":true,"href":"https:\/\/galduriadrums.com\/index.php?rest_route=%2Fwp%2Fv2%2Fproduct_cat&post=593"},{"taxonomy":"product_tag","embeddable":true,"href":"https:\/\/galduriadrums.com\/index.php?rest_route=%2Fwp%2Fv2%2Fproduct_tag&post=593"}],"curies":[{"name":"wp","href":"https:\/\/api.w.org\/{rel}","templated":true}]}}