{"id":335,"date":"2025-11-12T18:58:08","date_gmt":"2025-11-12T18:58:08","guid":{"rendered":"https:\/\/galduriadrums.com\/?product=thin-splash-8-constantine-big-master-series"},"modified":"2025-11-15T18:13:47","modified_gmt":"2025-11-15T18:13:47","slug":"crash-22-constantine-kazza-series-2","status":"publish","type":"product","link":"https:\/\/galduriadrums.com\/?product=crash-22-constantine-kazza-series-2","title":{"rendered":"Crash 22&#8243; Constantine Kazza Series"},"content":{"rendered":"<p>Kazza Series tiene un acabado h\u00edbrido,\u00a0 Tradicional como la Classic series en la mitad exterior del plato, la otra mitad interna campana incluida tiene acabado Brillante estilo Star series. Elaborado con bronce B20 martillado a mano en Turqu\u00eda, son platos con presencia y brillo, pero con una sensibilidad y dulzura a din\u00e1micas bajas incre\u00edble, es el complemento del m\u00fasico al que le gusta el sonido brillante, con presencia y proyecci\u00f3n, pero sin vol\u00famenes descontrolados y con un sonido muy n\u00edtido. Ya sea que est\u00e9 tocando Rock, heavy, latin, fusi\u00f3n&#8230;\u00a0 Kazza series\u00a0 le puede aportar el sonido deseado.<\/p>\n","protected":false},"excerpt":{"rendered":"<p>Kazza Series tiene un acabado h\u00edbrido,\u00a0 Tradicional como la Classic series en la mitad exterior del plato, la otra mitad interna campana incluida tiene acabado Brillante estilo Star series. Elaborado con bronce B20 martillado a mano en Turqu\u00eda, son platos con presencia y brillo, pero con una sensibilidad y dulzura a din\u00e1micas bajas incre\u00edble, es [&hellip;]<\/p>\n","protected":false},"featured_media":428,"comment_status":"open","ping_status":"closed","template":"","meta":{"jetpack_publicize_message":"","jetpack_publicize_feature_enabled":true,"jetpack_social_post_already_shared":false,"jetpack_social_options":{"image_generator_settings":{"template":"highway","default_image_id":0,"font":"","enabled":false},"version":2}},"product_brand":[69],"product_cat":[76,33,74,105],"product_tag":[119,118,116,122,121,115,120],"class_list":{"0":"post-335","1":"product","2":"type-product","3":"status-publish","4":"has-post-thumbnail","6":"product_brand-constantine-cymbals","7":"product_cat-76","8":"product_cat-constantine-cymbals","9":"product_cat-crash","10":"product_cat-kazza-series","11":"product_tag-constantine","12":"product_tag-crash","13":"product_tag-cymbal","14":"product_tag-meinl","15":"product_tag-paiste","16":"product_tag-plato","17":"product_tag-zildjian","19":"first","20":"outofstock","21":"taxable","22":"shipping-taxable","23":"purchasable","24":"product-type-simple"},"yoast_head":"<!-- This site is optimized with the Yoast SEO plugin v27.5 - https:\/\/yoast.com\/product\/yoast-seo-wordpress\/ -->\n<title>Crash 22&quot; Constantine Kazza Series - Galduria Drums<\/title>\n<meta name=\"description\" content=\"Kazza Series tiene un acabado h\u00edbrido,\u00a0 Tradicional como la Classic series en la mitad exterior del plato, la otra mitad interna tiene acabado Brillante\" \/>\n<meta name=\"robots\" content=\"index, follow, max-snippet:-1, max-image-preview:large, max-video-preview:-1\" \/>\n<link rel=\"canonical\" href=\"https:\/\/galduriadrums.com\/?product=crash-22-constantine-kazza-series-2\" \/>\n<meta property=\"og:locale\" content=\"es_ES\" \/>\n<meta property=\"og:type\" content=\"article\" \/>\n<meta property=\"og:title\" content=\"Crash 22&quot; Constantine Kazza Series - Galduria Drums\" \/>\n<meta property=\"og:description\" content=\"Kazza Series tiene un acabado h\u00edbrido,\u00a0 Tradicional como la Classic series en la mitad exterior del plato, la otra mitad interna tiene acabado Brillante\" \/>\n<meta property=\"og:url\" content=\"https:\/\/galduriadrums.com\/?product=crash-22-constantine-kazza-series-2\" \/>\n<meta property=\"og:site_name\" content=\"Galduria Drums\" \/>\n<meta property=\"article:modified_time\" content=\"2025-11-15T18:13:47+00:00\" \/>\n<meta property=\"og:image\" content=\"https:\/\/galduriadrums.com\/wp-content\/uploads\/2025\/11\/Kazza-Series.png\" \/>\n\t<meta property=\"og:image:width\" content=\"907\" \/>\n\t<meta property=\"og:image:height\" content=\"907\" \/>\n\t<meta property=\"og:image:type\" content=\"image\/png\" \/>\n<meta name=\"twitter:card\" content=\"summary_large_image\" \/>\n<meta name=\"twitter:label1\" content=\"Tiempo de lectura\" \/>\n\t<meta name=\"twitter:data1\" content=\"1 minuto\" \/>\n<script type=\"application\/ld+json\" class=\"yoast-schema-graph\">{\"@context\":\"https:\\\/\\\/schema.org\",\"@graph\":[{\"@type\":\"WebPage\",\"@id\":\"https:\\\/\\\/galduriadrums.com\\\/?product=crash-22-constantine-kazza-series-2\",\"url\":\"https:\\\/\\\/galduriadrums.com\\\/?product=crash-22-constantine-kazza-series-2\",\"name\":\"Crash 22\\\" Constantine Kazza Series - Galduria Drums\",\"isPartOf\":{\"@id\":\"https:\\\/\\\/galduriadrums.com\\\/#website\"},\"primaryImageOfPage\":{\"@id\":\"https:\\\/\\\/galduriadrums.com\\\/?product=crash-22-constantine-kazza-series-2#primaryimage\"},\"image\":{\"@id\":\"https:\\\/\\\/galduriadrums.com\\\/?product=crash-22-constantine-kazza-series-2#primaryimage\"},\"thumbnailUrl\":\"https:\\\/\\\/galduriadrums.com\\\/wp-content\\\/uploads\\\/2025\\\/11\\\/Kazza-Series.png\",\"datePublished\":\"2025-11-12T18:58:08+00:00\",\"dateModified\":\"2025-11-15T18:13:47+00:00\",\"description\":\"Kazza Series tiene un acabado h\u00edbrido,\u00a0 Tradicional como la Classic series en la mitad exterior del plato, la otra mitad interna tiene acabado Brillante\",\"breadcrumb\":{\"@id\":\"https:\\\/\\\/galduriadrums.com\\\/?product=crash-22-constantine-kazza-series-2#breadcrumb\"},\"inLanguage\":\"es\",\"potentialAction\":[{\"@type\":\"ReadAction\",\"target\":[\"https:\\\/\\\/galduriadrums.com\\\/?product=crash-22-constantine-kazza-series-2\"]}]},{\"@type\":\"ImageObject\",\"inLanguage\":\"es\",\"@id\":\"https:\\\/\\\/galduriadrums.com\\\/?product=crash-22-constantine-kazza-series-2#primaryimage\",\"url\":\"https:\\\/\\\/galduriadrums.com\\\/wp-content\\\/uploads\\\/2025\\\/11\\\/Kazza-Series.png\",\"contentUrl\":\"https:\\\/\\\/galduriadrums.com\\\/wp-content\\\/uploads\\\/2025\\\/11\\\/Kazza-Series.png\",\"width\":907,\"height\":907},{\"@type\":\"BreadcrumbList\",\"@id\":\"https:\\\/\\\/galduriadrums.com\\\/?product=crash-22-constantine-kazza-series-2#breadcrumb\",\"itemListElement\":[{\"@type\":\"ListItem\",\"position\":1,\"name\":\"Portada\",\"item\":\"https:\\\/\\\/galduriadrums.com\\\/\"},{\"@type\":\"ListItem\",\"position\":2,\"name\":\"Tienda\",\"item\":\"https:\\\/\\\/galduriadrums.com\\\/?page_id=6\"},{\"@type\":\"ListItem\",\"position\":3,\"name\":\"Crash 22&#8243; Constantine Kazza Series\"}]},{\"@type\":\"WebSite\",\"@id\":\"https:\\\/\\\/galduriadrums.com\\\/#website\",\"url\":\"https:\\\/\\\/galduriadrums.com\\\/\",\"name\":\"Galduria Drums\",\"description\":\"\",\"potentialAction\":[{\"@type\":\"SearchAction\",\"target\":{\"@type\":\"EntryPoint\",\"urlTemplate\":\"https:\\\/\\\/galduriadrums.com\\\/?s={search_term_string}\"},\"query-input\":{\"@type\":\"PropertyValueSpecification\",\"valueRequired\":true,\"valueName\":\"search_term_string\"}}],\"inLanguage\":\"es\"}]}<\/script>\n<!-- \/ Yoast SEO plugin. -->","yoast_head_json":{"title":"Crash 22\" Constantine Kazza Series - Galduria Drums","description":"Kazza Series tiene un acabado h\u00edbrido,\u00a0 Tradicional como la Classic series en la mitad exterior del plato, la otra mitad interna tiene acabado Brillante","robots":{"index":"index","follow":"follow","max-snippet":"max-snippet:-1","max-image-preview":"max-image-preview:large","max-video-preview":"max-video-preview:-1"},"canonical":"https:\/\/galduriadrums.com\/?product=crash-22-constantine-kazza-series-2","og_locale":"es_ES","og_type":"article","og_title":"Crash 22\" Constantine Kazza Series - Galduria Drums","og_description":"Kazza Series tiene un acabado h\u00edbrido,\u00a0 Tradicional como la Classic series en la mitad exterior del plato, la otra mitad interna tiene acabado Brillante","og_url":"https:\/\/galduriadrums.com\/?product=crash-22-constantine-kazza-series-2","og_site_name":"Galduria Drums","article_modified_time":"2025-11-15T18:13:47+00:00","og_image":[{"width":907,"height":907,"url":"https:\/\/galduriadrums.com\/wp-content\/uploads\/2025\/11\/Kazza-Series.png","type":"image\/png"}],"twitter_card":"summary_large_image","twitter_misc":{"Tiempo de lectura":"1 minuto"},"schema":{"@context":"https:\/\/schema.org","@graph":[{"@type":"WebPage","@id":"https:\/\/galduriadrums.com\/?product=crash-22-constantine-kazza-series-2","url":"https:\/\/galduriadrums.com\/?product=crash-22-constantine-kazza-series-2","name":"Crash 22\" Constantine Kazza Series - Galduria Drums","isPartOf":{"@id":"https:\/\/galduriadrums.com\/#website"},"primaryImageOfPage":{"@id":"https:\/\/galduriadrums.com\/?product=crash-22-constantine-kazza-series-2#primaryimage"},"image":{"@id":"https:\/\/galduriadrums.com\/?product=crash-22-constantine-kazza-series-2#primaryimage"},"thumbnailUrl":"https:\/\/galduriadrums.com\/wp-content\/uploads\/2025\/11\/Kazza-Series.png","datePublished":"2025-11-12T18:58:08+00:00","dateModified":"2025-11-15T18:13:47+00:00","description":"Kazza Series tiene un acabado h\u00edbrido,\u00a0 Tradicional como la Classic series en la mitad exterior del plato, la otra mitad interna tiene acabado Brillante","breadcrumb":{"@id":"https:\/\/galduriadrums.com\/?product=crash-22-constantine-kazza-series-2#breadcrumb"},"inLanguage":"es","potentialAction":[{"@type":"ReadAction","target":["https:\/\/galduriadrums.com\/?product=crash-22-constantine-kazza-series-2"]}]},{"@type":"ImageObject","inLanguage":"es","@id":"https:\/\/galduriadrums.com\/?product=crash-22-constantine-kazza-series-2#primaryimage","url":"https:\/\/galduriadrums.com\/wp-content\/uploads\/2025\/11\/Kazza-Series.png","contentUrl":"https:\/\/galduriadrums.com\/wp-content\/uploads\/2025\/11\/Kazza-Series.png","width":907,"height":907},{"@type":"BreadcrumbList","@id":"https:\/\/galduriadrums.com\/?product=crash-22-constantine-kazza-series-2#breadcrumb","itemListElement":[{"@type":"ListItem","position":1,"name":"Portada","item":"https:\/\/galduriadrums.com\/"},{"@type":"ListItem","position":2,"name":"Tienda","item":"https:\/\/galduriadrums.com\/?page_id=6"},{"@type":"ListItem","position":3,"name":"Crash 22&#8243; Constantine Kazza Series"}]},{"@type":"WebSite","@id":"https:\/\/galduriadrums.com\/#website","url":"https:\/\/galduriadrums.com\/","name":"Galduria Drums","description":"","potentialAction":[{"@type":"SearchAction","target":{"@type":"EntryPoint","urlTemplate":"https:\/\/galduriadrums.com\/?s={search_term_string}"},"query-input":{"@type":"PropertyValueSpecification","valueRequired":true,"valueName":"search_term_string"}}],"inLanguage":"es"}]}},"jetpack_publicize_connections":[],"jetpack_sharing_enabled":true,"_links":{"self":[{"href":"https:\/\/galduriadrums.com\/index.php?rest_route=\/wp\/v2\/product\/335","targetHints":{"allow":["GET"]}}],"collection":[{"href":"https:\/\/galduriadrums.com\/index.php?rest_route=\/wp\/v2\/product"}],"about":[{"href":"https:\/\/galduriadrums.com\/index.php?rest_route=\/wp\/v2\/types\/product"}],"replies":[{"embeddable":true,"href":"https:\/\/galduriadrums.com\/index.php?rest_route=%2Fwp%2Fv2%2Fcomments&post=335"}],"wp:featuredmedia":[{"embeddable":true,"href":"https:\/\/galduriadrums.com\/index.php?rest_route=\/wp\/v2\/media\/428"}],"wp:attachment":[{"href":"https:\/\/galduriadrums.com\/index.php?rest_route=%2Fwp%2Fv2%2Fmedia&parent=335"}],"wp:term":[{"taxonomy":"product_brand","embeddable":true,"href":"https:\/\/galduriadrums.com\/index.php?rest_route=%2Fwp%2Fv2%2Fproduct_brand&post=335"},{"taxonomy":"product_cat","embeddable":true,"href":"https:\/\/galduriadrums.com\/index.php?rest_route=%2Fwp%2Fv2%2Fproduct_cat&post=335"},{"taxonomy":"product_tag","embeddable":true,"href":"https:\/\/galduriadrums.com\/index.php?rest_route=%2Fwp%2Fv2%2Fproduct_tag&post=335"}],"curies":[{"name":"wp","href":"https:\/\/api.w.org\/{rel}","templated":true}]}}