{"id":994,"date":"2025-11-27T19:12:48","date_gmt":"2025-11-27T19:12:48","guid":{"rendered":"https:\/\/galduriadrums.com\/?page_id=994"},"modified":"2025-11-27T21:13:16","modified_gmt":"2025-11-27T21:13:16","slug":"fernando-velasco","status":"publish","type":"page","link":"https:\/\/galduriadrums.com\/?page_id=994","title":{"rendered":"Fernando Velasco"},"content":{"rendered":"\t\t<div data-elementor-type=\"wp-page\" data-elementor-id=\"994\" class=\"elementor elementor-994\">\n\t\t\t\t<div class=\"elementor-element elementor-element-34e24450 e-flex e-con-boxed e-con e-parent\" data-id=\"34e24450\" data-element_type=\"container\" data-e-type=\"container\">\n\t\t\t\t\t<div class=\"e-con-inner\">\n\t\t\t\t<div class=\"elementor-element elementor-element-244882c8 elementor-widget elementor-widget-text-editor\" data-id=\"244882c8\" data-element_type=\"widget\" data-e-type=\"widget\" data-widget_type=\"text-editor.default\">\n\t\t\t\t\t\t\t\t\t<figure class=\"wp-block-image size-large\"><img fetchpriority=\"high\" decoding=\"async\" width=\"1024\" height=\"464\" class=\"wp-image-1008\" src=\"https:\/\/galduriadrums.com\/wp-content\/uploads\/2025\/11\/Fernando-Velasco-1024x464.jpg\" alt=\"\" srcset=\"https:\/\/galduriadrums.com\/wp-content\/uploads\/2025\/11\/Fernando-Velasco-1024x464.jpg 1024w, https:\/\/galduriadrums.com\/wp-content\/uploads\/2025\/11\/Fernando-Velasco-300x136.jpg 300w, https:\/\/galduriadrums.com\/wp-content\/uploads\/2025\/11\/Fernando-Velasco-768x348.jpg 768w, https:\/\/galduriadrums.com\/wp-content\/uploads\/2025\/11\/Fernando-Velasco-416x188.jpg 416w, https:\/\/galduriadrums.com\/wp-content\/uploads\/2025\/11\/Fernando-Velasco.jpg 1060w\" sizes=\"(max-width: 1024px) 100vw, 1024px\" \/><\/figure><p><!-- \/wp:image --><\/p><p><!-- wp:paragraph --><\/p><h3 data-start=\"276\" data-end=\"402\"><strong data-start=\"280\" data-end=\"402\">Historia de Fernando \u2013 Colaborador de Constantine Cymbals Percusi\u00f3n y Blue Drum Heads<\/strong><\/h3><p><!-- \/wp:paragraph --><\/p><p><!-- wp:paragraph --><\/p><p>Fernando Velasco es un percusionista alicantino cuya trayectoria se ha forjado entre el flamenco, la m\u00fasica latina y una curiosidad constante por explorar nuevas formas de expresi\u00f3n. Su versatilidad lo ha llevado a compartir escenario con nombres como <strong>Juan Ram\u00edrez, La Negra, Carlos Pi\u00f1ana, La Nitra, Los Cheroky, Paoli Mej\u00edas, Pakito Baeza o Jos\u00e9 \u201cEl Franc\u00e9s\u201d<\/strong>, adem\u00e1s de formar parte del musical <em>Malinche<\/em> de <strong>Nacho Cano<\/strong>.<\/p><p><!-- \/wp:paragraph --><\/p><p><!-- wp:paragraph --><\/p><p>Su camino tambi\u00e9n ha cruzado fronteras: en 2016 llev\u00f3 el <strong>caj\u00f3n flamenco<\/strong> a ciudades como<strong> Atlanta, Phoenix, Los \u00c1ngeles, San Luis (Arizona) y Yuma<\/strong>, trabajando adem\u00e1s con <strong>The Maex Team<\/strong> en Estados Unidos. Ha participado en el <strong>Festival del Cante de las Minas<\/strong> junto a <strong>Carlos Pi\u00f1ana<\/strong> y ha colaborado en diversas ocasiones con <strong>Jorge Pardo<\/strong>, una de las figuras m\u00e1s influyentes del flamenco contempor\u00e1neo.<\/p><p><!-- \/wp:paragraph --><\/p><p><!-- wp:paragraph --><\/p><p>En televisi\u00f3n fue parte del programa <em>Insuperables<\/em> (TVE), acompa\u00f1ado por <strong>Santiago Segura, Pitingo, Carlos Latre y Ana Mill\u00e1n<\/strong>, y en 2023 recorri\u00f3 Espa\u00f1a en la gira de <strong>Shakira Mart\u00ednez<\/strong>.<\/p><p><!-- \/wp:paragraph --><\/p><p><!-- wp:paragraph --><\/p><p>Hoy, su sonido se apoya en la expresividad de Constantine Cymbals \u2014con platillos adaptados para ser tocados con la mano\u2014 y en la sensibilidad de Blue Drum Heads para caja y pailas, herramientas que le permiten dar forma a una voz propia, honesta y profundamente musical.<\/p><p><!-- \/wp:paragraph --><\/p>\t\t\t\t\t\t\t\t<\/div>\n\t\t\t\t\t<\/div>\n\t\t\t\t<\/div>\n\t\t\t\t<\/div>\n\t\t","protected":false},"excerpt":{"rendered":"<p>Historia de Fernando \u2013 Colaborador de Constantine Cymbals Percusi\u00f3n y Blue Drum Heads Fernando Velasco es un percusionista alicantino cuya trayectoria se ha forjado entre el flamenco, la m\u00fasica latina y una curiosidad constante por explorar nuevas formas de expresi\u00f3n. Su versatilidad lo ha llevado a compartir escenario con nombres como Juan Ram\u00edrez, La Negra, [&hellip;]<\/p>\n","protected":false},"author":1,"featured_media":0,"parent":0,"menu_order":0,"comment_status":"closed","ping_status":"closed","template":"","meta":{"footnotes":""},"class_list":["post-994","page","type-page","status-publish","hentry"],"yoast_head":"<!-- This site is optimized with the Yoast SEO plugin v27.5 - https:\/\/yoast.com\/product\/yoast-seo-wordpress\/ -->\n<title>Fernando Velasco - Galduria Drums<\/title>\n<meta name=\"robots\" content=\"index, follow, max-snippet:-1, max-image-preview:large, max-video-preview:-1\" \/>\n<link rel=\"canonical\" href=\"https:\/\/galduriadrums.com\/?page_id=994\" \/>\n<meta property=\"og:locale\" content=\"es_ES\" \/>\n<meta property=\"og:type\" content=\"article\" \/>\n<meta property=\"og:title\" content=\"Fernando Velasco - Galduria Drums\" \/>\n<meta property=\"og:description\" content=\"Historia de Fernando \u2013 Colaborador de Constantine Cymbals Percusi\u00f3n y Blue Drum Heads Fernando Velasco es un percusionista alicantino cuya trayectoria se ha forjado entre el flamenco, la m\u00fasica latina y una curiosidad constante por explorar nuevas formas de expresi\u00f3n. Su versatilidad lo ha llevado a compartir escenario con nombres como Juan Ram\u00edrez, La Negra, [&hellip;]\" \/>\n<meta property=\"og:url\" content=\"https:\/\/galduriadrums.com\/?page_id=994\" \/>\n<meta property=\"og:site_name\" content=\"Galduria Drums\" \/>\n<meta property=\"article:modified_time\" content=\"2025-11-27T21:13:16+00:00\" \/>\n<meta property=\"og:image\" content=\"https:\/\/galduriadrums.com\/wp-content\/uploads\/2025\/11\/Fernando-Velasco.jpg\" \/>\n\t<meta property=\"og:image:width\" content=\"1060\" \/>\n\t<meta property=\"og:image:height\" content=\"480\" \/>\n\t<meta property=\"og:image:type\" content=\"image\/jpeg\" \/>\n<meta name=\"twitter:card\" content=\"summary_large_image\" \/>\n<meta name=\"twitter:label1\" content=\"Tiempo de lectura\" \/>\n\t<meta name=\"twitter:data1\" content=\"2 minutos\" \/>\n<script type=\"application\/ld+json\" class=\"yoast-schema-graph\">{\"@context\":\"https:\\\/\\\/schema.org\",\"@graph\":[{\"@type\":\"WebPage\",\"@id\":\"https:\\\/\\\/galduriadrums.com\\\/?page_id=994\",\"url\":\"https:\\\/\\\/galduriadrums.com\\\/?page_id=994\",\"name\":\"Fernando Velasco - Galduria Drums\",\"isPartOf\":{\"@id\":\"https:\\\/\\\/galduriadrums.com\\\/#website\"},\"primaryImageOfPage\":{\"@id\":\"https:\\\/\\\/galduriadrums.com\\\/?page_id=994#primaryimage\"},\"image\":{\"@id\":\"https:\\\/\\\/galduriadrums.com\\\/?page_id=994#primaryimage\"},\"thumbnailUrl\":\"https:\\\/\\\/galduriadrums.com\\\/wp-content\\\/uploads\\\/2025\\\/11\\\/Fernando-Velasco-1024x464.jpg\",\"datePublished\":\"2025-11-27T19:12:48+00:00\",\"dateModified\":\"2025-11-27T21:13:16+00:00\",\"breadcrumb\":{\"@id\":\"https:\\\/\\\/galduriadrums.com\\\/?page_id=994#breadcrumb\"},\"inLanguage\":\"es\",\"potentialAction\":[{\"@type\":\"ReadAction\",\"target\":[\"https:\\\/\\\/galduriadrums.com\\\/?page_id=994\"]}]},{\"@type\":\"ImageObject\",\"inLanguage\":\"es\",\"@id\":\"https:\\\/\\\/galduriadrums.com\\\/?page_id=994#primaryimage\",\"url\":\"https:\\\/\\\/galduriadrums.com\\\/wp-content\\\/uploads\\\/2025\\\/11\\\/Fernando-Velasco.jpg\",\"contentUrl\":\"https:\\\/\\\/galduriadrums.com\\\/wp-content\\\/uploads\\\/2025\\\/11\\\/Fernando-Velasco.jpg\",\"width\":1060,\"height\":480},{\"@type\":\"BreadcrumbList\",\"@id\":\"https:\\\/\\\/galduriadrums.com\\\/?page_id=994#breadcrumb\",\"itemListElement\":[{\"@type\":\"ListItem\",\"position\":1,\"name\":\"Portada\",\"item\":\"https:\\\/\\\/galduriadrums.com\\\/\"},{\"@type\":\"ListItem\",\"position\":2,\"name\":\"Fernando Velasco\"}]},{\"@type\":\"WebSite\",\"@id\":\"https:\\\/\\\/galduriadrums.com\\\/#website\",\"url\":\"https:\\\/\\\/galduriadrums.com\\\/\",\"name\":\"Galduria Drums\",\"description\":\"\",\"potentialAction\":[{\"@type\":\"SearchAction\",\"target\":{\"@type\":\"EntryPoint\",\"urlTemplate\":\"https:\\\/\\\/galduriadrums.com\\\/?s={search_term_string}\"},\"query-input\":{\"@type\":\"PropertyValueSpecification\",\"valueRequired\":true,\"valueName\":\"search_term_string\"}}],\"inLanguage\":\"es\"}]}<\/script>\n<!-- \/ Yoast SEO plugin. -->","yoast_head_json":{"title":"Fernando Velasco - Galduria Drums","robots":{"index":"index","follow":"follow","max-snippet":"max-snippet:-1","max-image-preview":"max-image-preview:large","max-video-preview":"max-video-preview:-1"},"canonical":"https:\/\/galduriadrums.com\/?page_id=994","og_locale":"es_ES","og_type":"article","og_title":"Fernando Velasco - Galduria Drums","og_description":"Historia de Fernando \u2013 Colaborador de Constantine Cymbals Percusi\u00f3n y Blue Drum Heads Fernando Velasco es un percusionista alicantino cuya trayectoria se ha forjado entre el flamenco, la m\u00fasica latina y una curiosidad constante por explorar nuevas formas de expresi\u00f3n. Su versatilidad lo ha llevado a compartir escenario con nombres como Juan Ram\u00edrez, La Negra, [&hellip;]","og_url":"https:\/\/galduriadrums.com\/?page_id=994","og_site_name":"Galduria Drums","article_modified_time":"2025-11-27T21:13:16+00:00","og_image":[{"width":1060,"height":480,"url":"https:\/\/galduriadrums.com\/wp-content\/uploads\/2025\/11\/Fernando-Velasco.jpg","type":"image\/jpeg"}],"twitter_card":"summary_large_image","twitter_misc":{"Tiempo de lectura":"2 minutos"},"schema":{"@context":"https:\/\/schema.org","@graph":[{"@type":"WebPage","@id":"https:\/\/galduriadrums.com\/?page_id=994","url":"https:\/\/galduriadrums.com\/?page_id=994","name":"Fernando Velasco - Galduria Drums","isPartOf":{"@id":"https:\/\/galduriadrums.com\/#website"},"primaryImageOfPage":{"@id":"https:\/\/galduriadrums.com\/?page_id=994#primaryimage"},"image":{"@id":"https:\/\/galduriadrums.com\/?page_id=994#primaryimage"},"thumbnailUrl":"https:\/\/galduriadrums.com\/wp-content\/uploads\/2025\/11\/Fernando-Velasco-1024x464.jpg","datePublished":"2025-11-27T19:12:48+00:00","dateModified":"2025-11-27T21:13:16+00:00","breadcrumb":{"@id":"https:\/\/galduriadrums.com\/?page_id=994#breadcrumb"},"inLanguage":"es","potentialAction":[{"@type":"ReadAction","target":["https:\/\/galduriadrums.com\/?page_id=994"]}]},{"@type":"ImageObject","inLanguage":"es","@id":"https:\/\/galduriadrums.com\/?page_id=994#primaryimage","url":"https:\/\/galduriadrums.com\/wp-content\/uploads\/2025\/11\/Fernando-Velasco.jpg","contentUrl":"https:\/\/galduriadrums.com\/wp-content\/uploads\/2025\/11\/Fernando-Velasco.jpg","width":1060,"height":480},{"@type":"BreadcrumbList","@id":"https:\/\/galduriadrums.com\/?page_id=994#breadcrumb","itemListElement":[{"@type":"ListItem","position":1,"name":"Portada","item":"https:\/\/galduriadrums.com\/"},{"@type":"ListItem","position":2,"name":"Fernando Velasco"}]},{"@type":"WebSite","@id":"https:\/\/galduriadrums.com\/#website","url":"https:\/\/galduriadrums.com\/","name":"Galduria Drums","description":"","potentialAction":[{"@type":"SearchAction","target":{"@type":"EntryPoint","urlTemplate":"https:\/\/galduriadrums.com\/?s={search_term_string}"},"query-input":{"@type":"PropertyValueSpecification","valueRequired":true,"valueName":"search_term_string"}}],"inLanguage":"es"}]}},"jetpack_sharing_enabled":true,"_links":{"self":[{"href":"https:\/\/galduriadrums.com\/index.php?rest_route=\/wp\/v2\/pages\/994","targetHints":{"allow":["GET"]}}],"collection":[{"href":"https:\/\/galduriadrums.com\/index.php?rest_route=\/wp\/v2\/pages"}],"about":[{"href":"https:\/\/galduriadrums.com\/index.php?rest_route=\/wp\/v2\/types\/page"}],"author":[{"embeddable":true,"href":"https:\/\/galduriadrums.com\/index.php?rest_route=\/wp\/v2\/users\/1"}],"replies":[{"embeddable":true,"href":"https:\/\/galduriadrums.com\/index.php?rest_route=%2Fwp%2Fv2%2Fcomments&post=994"}],"version-history":[{"count":4,"href":"https:\/\/galduriadrums.com\/index.php?rest_route=\/wp\/v2\/pages\/994\/revisions"}],"predecessor-version":[{"id":1013,"href":"https:\/\/galduriadrums.com\/index.php?rest_route=\/wp\/v2\/pages\/994\/revisions\/1013"}],"wp:attachment":[{"href":"https:\/\/galduriadrums.com\/index.php?rest_route=%2Fwp%2Fv2%2Fmedia&parent=994"}],"curies":[{"name":"wp","href":"https:\/\/api.w.org\/{rel}","templated":true}]}}